hat is the millions digit of 869977147?
9
What is the units digit of 33101083?
3
What is the millions digit of 1793567804?
3
What is the ten millions digit of 147885393?
4
What is the ten thousands digit of 87315963?
1
What is the ten thousands digit of 7885300455?
0
What is the units digit of 78824130?
0
What is the millions digit of 96371938?
6
What is the hundred thousands digit of 71949162?
9
What is the hundred thousands digit of 98251851?
2
What is the millions digit of 1125818706?
5
What is the hundreds digit of 261714508?
5
What is the thousands digit of 22909338?
9
What is the thousands digit of 3873373059?
3
What is the tens digit of 5264151138?
3
What is the billions digit of 1325268936?
1
What is the hundred thousands digit of 364453712?
4
What is the units digit of 1090477365?
5
What is the thousands digit of 295944885?
4
What is the millions digit of 296258522?
6
What is the tens digit of 1067877503?
0
What is the billions digit of 1358884180?
1
What is the ten thousands digit of 7625149206?
4
What is the ten thousands digit of 215248611?
4
What is the thousands digit of 46801062?
1
What is the hundreds digit of 99363033?
0
What is the thousands digit of 47082352?
2
What is the ten millions digit of 608646125?
0
What is the tens digit of 2341688601?
0
What is the billions digit of 1093361864?
1
What is the tens digit of 70396682?
8
What is the hundreds digit of 6140608110?
1
What is the billions digit of 1888263349?
1
What is the tens digit of 327720882?
8
What is the hundred thousands digit of 2984019209?
0
What is the hundred thousands digit of 3504935529?
9
What is the hundred thousands digit of 2996947?
9
What is the units digit of 156511655?
5
What is the hundreds digit of 119079819?
8
What is the millions digit of 96252442?
6
What is the billions digit of 3804928416?
3
What is the units digit of 460132419?
9
What is the hundred thousands digit of 1656129413?
1
What is the millions digit of 593822324?
3
What is the millions digit of 492917546?
2
What is the hundred thousands digit of 2165342072?
3
What is the hundreds digit of 43273807?
8
What is the ten thousands digit of 548014857?
1
What is the units digit of 60857048?
8
What is the units digit of 890343209?
9
What is the tens digit of 2378793727?
2
What is the hundreds digit of 436894574?
5
What is the thousands digit of 756916095?
6
What is the hundred millions digit of 3133776398?
1
What is the millions digit of 873777431?
3
What is the hundreds digit of 1350811869?
8
What is the units digit of 525134010?
0
What is the thousands digit of 393102849?
2
What is the thousands digit of 378044655?
4
What is the hundred thousands digit of 1595744693?
7
What is the tens digit of 3998564822?
2
What is the ten thousands digit of 115584684?
8
What is the units digit of 74666443?
3
What is the millions digit of 1453875?
1
What is the hundred millions digit of 488991661?
4
What is the thousands digit of 84217403?
7
What is the units digit of 27902481?
1
What is the ten millions digit of 186835330?
8
What is the units digit of 4880079253?
3
What is the tens digit of 3498031371?
7
What is the hundred millions digit of 2780492060?
7
What is the millions digit of 3494846479?
4
What is the units digit of 18060340?
0
What is the ten thousands digit of 40107305?
0
What is the ten thousands digit of 63303345?
0
What is the millions digit of 3351207887?
1
What is the billions digit of 5305315938?
5
What is the hundreds digit of 28373658?
6
What is the ten millions digit of 4324577590?
2
What is the millions digit of 47514143?
7
What is the hundreds digit of 2609783679?
6
What is the tens digit of 3501155104?
0
What is the ten thousands digit of 1282083851?
8
What is the hundreds digit of 399443159?
1
What is the ten millions digit of 598996610?
9
What is the thousands digit of 116405800?
5
What is the units digit of 4202760611?
1
What is the hundreds digit of 1418323897?
8
What is the units digit of 685081062?
2
What is the thousands digit of 402438499?
8
What is the millions digit of 64545157?
4
What is the ten millions digit of 110390950?
1
What is the tens digit of 130428910?
1
What is the hundreds digit of 29996278?
2
What is the millions digit of 36788220?
6
What is the ten thousands digit of 290291959?
9
What is the units digit of 357882253?
3
What is the ten millions digit of 224169881?
2
What is the hundred thousands digit of 1885970?
8
What is the hundred thousands digit of 26907221?
9
What is the thousands digit of 11066194?
6
What is the hundred millions digit of 1597042203?
5
What is the thousands digit of 67061652?
1
What is the ten millions digit of 96604368?
9
What is the hundreds digit of 649630964?
9
What is the billions digit of 5496460244?
5
What is the hundred millions digit of 1229347113?
2
What is the thousands digit of 31035987?
5
What is the tens digit of 230392567?
6
What is the hundred millions digit of 152632575?
1
What is the hundreds digit of 3541681?
6
What is the ten thousands digit of 103706445?
0
What is the ten thousands digit of 368309156?
0
What is the thousands digit of 96436596?
6
What is the units digit of 1258767683?
3
What is the hundred millions digit of 3209379167?
2
What is the tens digit of 5094306509?
0
What is the hundred thousands digit of 1267554381?
5
What is the hundred thousands digit of 2395444509?
4
What is the units digit of 88833739?
9
What is the ten thousands digit of 22512967?
1
What is the units digit of 376641642?
2
What is the hundreds digit of 2875354112?
1
What is the tens digit of 30309308?
0
What is the ten thousands digit of 65199082?
9
What is the units digit of 64551454?
4
What is the billions digit of 1309267028?
1
What is the tens digit of 21011205?
0
What is the ten millions digit of 10645775?
1
What is the millions digit of 121253189?
1
What is the hundred thousands digit of 20917787?
9
What is the thousands digit of 683978200?
8
What is the hundred thousands digit of 39446672?
4
What is the ten thousands digit of 379197945?
9
What is the tens digit of 343749191?
9
What is the hundreds digit of 37792427?
4
What is the millions digit of 1655077747?
5
What is the ten millions digit of 251667421?
5
What is the tens digit of 4390981424?
2
What is the hundred millions digit of 6068590761?
0
What is the ten thousands digit of 357308390?
0
What is the hundreds digit of 679023217?
2
What is the thousands digit of 31804080?
4
What is the billions digit of 9486070518?
9
What is the ten thousands digit of 409775395?
7
What is the units digit of 837186770?
0
What is the hundreds digit of 239565028?
0
What is the hundred thousands digit of 1143208981?
2
What is the thousands digit of 1002457864?
7
What is the billions digit of 3171050522?
3
What is the thousands digit of 67232000?
2
What is the hundred thousands digit of 6748709615?
7
What is the tens digit of 302151189?
8
What is the units digit of 34034224?
4
What is the ten millions digit of 6872371084?
7
What is the units digit of 2550864221?
1
What is the ten thousands digit of 712274524?
7
What is the hundred millions digit of 2842580291?
8
What is the units digit of 233879859?
9
What is the hundred thousands digit of 333750958?
7
What is the ten millions digit of 1045974122?
4
What is the tens digit of 59604577?
7
What is the millions digit of 7182593?
7
What is the hundred thousands digit of 376569877?
5
What is the units digit of 53774865?
5
What is the hundreds digit of 941921168?
1
What is the hundred thousands digit of 159005708?
0
What is the tens digit of 86231444?
4
What is the hundred thousands digit of 402375665?
3
What is the hundred thousands digit of 2241722898?
7
What is the ten thousands digit of 70222918?
2
What is the hundreds digit of 156319054?
0
What is the units digit of 41283532?
2
What is the thousands digit of 1627062338?
2
What is the ten thousands digit of 4121747821?
4
What is the thousands digit of 1941263831?
3
What is the thousands digit of 1395657850?
7
What is the hundred thousands digit of 647081073?
0
What is the units digit of 6847617421?
1
What is the ten thousands digit of 1664887563?
8
What is the hundred thousands digit of 746723433?
7
What is the ten thousands digit of 1702892074?
9
What is the units digit of 248725018?
8
What is 